7.
66303
524453 (base 15) to base 3
21100210002020
What is 208683 (base 12) in base 2?
1111101000111000011
Convert -bbba (base 12) to base 10.
-20734
What is -360651 (base 15) in base 6?
-131211421
What is 10851e (base 15) in base 7?
6460001
Convert -1313300143 (base 5) to base 2.
-1100011011110000011111
253302 (base 14) to base 10
1276550
-4201304 (base 5) to base 3
-10111120212
What is 736d2 (base 14) in base 10?
278504
119cd4 (base 14) to base 15
bdc19
Convert 1151011 (base 7) to base 16.
23d7c
2202521 (base 7) to base 11
174826
-a4079a (base 11) to base 13
-4661ab
What is -224033 (base 6) in base 14?
-6d13
10426 (base 8) to base 11
3317
11234512 (base 6) to base 4
1110233030
What is 34025 (base 13) in base 6?
2005302
Convert -4455842 (base 10) to base 3.
-22101101021012
Convert -112312 (base 6) to base 3.
-111012022
What is 25420553 (base 6) in base 7?
10013154
What is -27585 (base 11) in base 13?
-14b6b
Convert 5a4a0c (base 16) to base 3.
102010121212102
What is 3b9bb (base 15) in base 6?
4033105
What is -122325 (base 8) in base 15?
-c782
-563278 (base 10) to base 16
-8984e
-1636565 (base 8) to base 14
-c4cbb
What is -99cb5b (base 13) in base 9?
-6737253
Convert 1295c (base 15) to base 7.
335301
-1ec0e (base 15) to base 14
-2892d
Convert -129640 (base 10) to base 3.
-20120211111
169199 (base 10) to base 11
106138
5b002a (base 12) to base 8
5473442
2131531 (base 7) to base 12
1064ba
Convert 2447e (base 15) to base 7.
661343
4184 (base 10) to base 13
1b9b
What is -2383077 (base 9) in base 5?
-312413044
Convert 99337d (base 14) to base 2.
10011110100010101010011
What is -494006 (base 12) in base 15?
-1873d0
-11be22 (base 15) to base 3
-1121012101212
Convert 200202120221 (base 4) to base 14.
11c0585
Convert -246031 (base 11) to base 9.
-652153
Convert 69473 (base 14) to base 3.
111000021100
What is 176c445 (base 13) in base 5?
3422434243
Convert -5195b6 (base 14) to base 4.
-22200031130
-a275428 (base 11) to base 3
-1021010222111202
What is 1221000121200 (base 3) in base 16?
f9fde
Convert -14202320 (base 5) to base 8.
-437412
Convert -762105 (base 10) to base 11.
-480643
What is -6a47b9 (base 13) in base 8?
-11500543
Convert 3000030 (base 5) to base 16.
b72a
What is -1a8e40 (base 15) in base 7?
-14004642
10cab1a (base 13) to base 3
100202211222220
Convert -60de45 (base 15) to base 10.
-4603340
Convert -1352408 (base 9) to base 7.
-6213500
67775 (base 12) to base 5
13400414
-60043 (base 12) to base 6
-2400123
What is 3093b1 (base 16) in base 14?
5cc277
-23e (base 15) to base 11
-423
What is -522434 (base 7) in base 15?
-1b8ce
What is 255832 (base 9) in base 8?
457131
What is 121fab (base 16) in base 5?
301002010
-3212310011 (base 4) to base 10
-945413
What is -731034 (base 10) in base 14?
-1505aa
What is 104221204 (base 5) in base 6?
13513204
-4351606 (base 7) to base 9
-1003041
What is -54410300 (base 6) in base 4?
-12023031330
Convert 12110101110 (base 4) to base 13.
45c924
What is -20222112211201 (base 3) in base 14?
-6c86b5
10425223 (base 7) to base 9
1617004
Convert -170746 (base 8) to base 12.
-2ba06
What is -907a18 (base 14) in base 5?
-2221032411
11e1d9 (base 15) to base 10
857679
-17c24a (base 13) to base 14
-117cd2
What is 1111111100101011110 (base 2) in base 8?
1774536
Convert -3b179 (base 13) to base 14.
-2c1b9
What is -1140030032 (base 5) in base 6?
-132550114
-3e800 (base 16) to base 10
-256000
-31323110 (base 5) to base 12
-107086
Convert -30001316 (base 7) to base 5.
-1113034012
-152545 (base 8) to base 15
-112be
366645 (base 8) to base 4
132312211
-35dac (base 16) to base 12
-a77a4
What is -11011100101010110 (base 2) in base 5?
-12103412
What is -203232020021 (base 4) in base 14?
-135a757
Convert -10112001211221 (base 3) to base 15.
-26e68d
What is -74ba5 (base 12) in base 15?
-30868
2868538 (base 9) to base 3
2222022121022
Convert 1550160 (base 7) to base 6.
4325420
-33cc01 (base 14) to base 5
-422422001
Convert 5301574 (base 8) to base 11.
883322
What is -173aad1 (base 14) in base 13?
-24a6926
What is 330502 (base 7) in base 14?
17139
-26563 (base 12) to base 13
-1ac5b
Convert -4200156 (base 9) to base 7.
-25034154
3355231 (base 6) to base 3
22200111101
2770032 (base 10) to base 12
b17040
What is -6e76b (base 16) in base 4?
-1232131223
What is 123050 (base 9) in base 10?
74403
Convert 5693a7 (base 15) to base 10.
4131832
-41664616 (base 8) to base 9
-17625324
Convert -730661 (base 9) to base 13.
-122464
What is 3233320020 (base 4) in base 12?
3b4720
What is -49374a3 (base 11) in base 5?
-4144331130
Convert -634668 (base 9) to base 3.
-201011202022
What is 225225452 (base 6) in base 15?
57613e
What is -2744a (base 11) in base 5?
-2223022
1bc55b (base 14) to base 16
f2c55
650015 (base 14) to base 12
118a743
Convert 1745105 (base 10) to base 5.
421320410
-212011101220 (base 3) to base 4
-1233103233
-1000554 (base 6) to base 2
-1011011100010110
What is -76352a (base 13) in base 8?
-12461441
-1a44b (base 16) to base 7
-625455
124070 (base 10) to base 2
11110010010100110
Convert 131033020011 (base 4) to base 7.
122100261
Convert -468ab5 (base 15) to base 6.
-200124542
What is -15869 (base 16) in base 6?
-1520105
341134 (base 7) to base 8
166032
Convert -25272 (base 13) to base 9.
-114013
What is 203143053 (base 6) in base 9?
6543636
Convert 1787a0 (base 14) to base 16.
caaf8
Convert -188691 (base 10) to base 4.
-232010103
What is 20211021001 (base 3) in base 9?
224231
What is -20227 (base 11) in base 3?
-1111112120
Convert -55604003 (base 7) to base 9.
-10037518
What is 464084 (base 11) in base 9?
1343546
1111921 (base 11) to base 10
1949696
What is 8b7034 (base 13) in base 15?
452b5c
What is -19b7a (base 13) in base 15?
-ed7e
Convert 132130100 (base 4) to base 2.
11110011100010000
-40133 (base 12) to base 4
-110102313
What is 9a37a (base 15) in base 2?
1110111101010110101
Convert -7543011 (base 8) to base 11.
-1158264
21314430 (base 5) to base 14
4a710
What is -b887db (base 14) in base 2?
-10111110101000111111101
10113424 (base 5) to base 11
56977
What is 39312 (base 12) in base 10?
78206
Convert 13210203 (base 4) to base 13.
11166
302811 (base 10) to base 6
10253523
-4012aa3 (base 11) to base 8
-33064546
What is 3302710 (base 8) in base 15?
1278b1
Convert 1664455 (base 7) to base 4.
321100021
What is 344286 (base 13) in base 15?
196959
Convert 242025242 (base 6) to base 14.
871934
Convert 1211111111211 (base 3) to base 11.
606023
Convert -11110111010001111110110 (base 2) to base 13.
-18a9222
-1217829 (base 10) to base 9
-2255483
-106ccc2 (base 15) to base 2
-101100110001101010011101
111000101110110001 (base 2) to base 4
320232301
What is -747517 (base 9) in base 11?
-284467
What is 5614c5 (base 14) in base 5?
1222021232
What is 3110154 (base 9) in base 4?
12111102133
Convert -106b8 (base 12) to base 14.
-7ccc
Convert -63040 (base 13) to base 14.
-48c2d
Convert -4a2584 (base 11) to base 15.
-10a3b8
-35c7b8 (base 13) to base 5
-312100012
What is -2202120200222 (base 3) in base 6?
-51244125
What is -4211254 (base 6) in base 8?
-616022
What is 1a23ba9 (base 12) in base 4?
111010103301
What is -17456534 (base 8) in base 2?
-1111100101110101011100
Convert 19791 (base 11) to base 14.
a091
-56431 (base 9) to base 6
-445431
What is 110100111100101000010 (base 2) in base 11?
a85573
What is -5e12d (base 15) in base 13?
-a6ac5
166720 (base 10) to base 15
345ea
Convert 404314 (base 8) to base 10.
133324
What is 31a80 (base 13) in base 4?
111321022
What is 83a38 (base 14) in base 12?
133942
Convert 22011222221120 (base 3) to base 10.
4349904
Convert 10001010101001000010101 (base 2) to base 11.
2623248
Convert -2087303 (base 9) to base 11.
-6a6016
What is -1013210011 (base 4) in base 13?
-a3561
What is 134024222 (base 7) in base 14?
122b082
What is 1626824 (base 10) in base 5?
404024244
What is -1c479c (base 16) in base 8?
-7043634
What is -5545334 (base 6) in base 14?
-7372a
What is 2002212200012 (base 3) in base 2?
100010001010100010010
What is 2132331220 (base 4) in base 13?
19a497
Convert 1341a69 (base 11) to base 6.
121345422
2b92e7 (base 15) to base 12
857177
What is 20f402 (base 16) in base 11?
124560a
Convert -110000011010100000 (base 2) to base 10.
-198304
-10bcd (base 16) to base 15
-154a7
What is 32333130011 (base 4) in base 2?